)/(4/(-104))?
9
Suppose 27 = 5*f - 353. Let k = -45 + f. Let x = k + -10. What is the remainder when x is divided by 8?
5
Suppose 3*u + 18 = l, -2*l + 11 = -u - 15. Suppose o - 14 = -5*a, -2*o + 2*a - l + 28 = 0. Calculate the remainder when 29 is divided by o.
2
Let p(t) = 3*t - 39. Let n be p(15). Let y(d) = -d**3 + 6*d**2 + 25. What is the remainder when 74 is divided by y(n)?
24
Let a be 10/(-2)*(-9)/15. Suppose v - b = 6, -v - a*b + 12 = 2. Calculate the remainder when 5 is divided by v + (3*-2 - -3).
1
Let d be -2*-3*95/30. Suppose -10 = -g + d. What is the remainder when g is divided by 10?
9
What is the remainder when (21 - 18)*(-502)/(-4)*2 is divided by 14?
11
Let y(a) = 12*a + 46. Suppose t - 5 = 7*s - 2*s, 0 = -5*t - 3*s + 53. What is the remainder when y(-3) is divided by (-22)/(-5) - 4/t?
2
Let t = -69 - -95. What is the remainder when 38 is divided by t?
12
Suppose -8*d + 3*d = -6*d. Suppose p + 547 = 4*q, d = -0*q - 2*q + 3*p + 271. Calculate the remainder when q is divided by 23.
22
Suppose -5*b - 173 = -v, v - 9*b = -12*b + 157. What is the remainder when v is divided by 46?
25
Let j be (-15*(-10)/120)/(1/4). Suppose 4*p - 5*s - 102 = 0, -j*p - s - 30 = -143. What is the remainder when p is divided by (-1)/(-4) + (-46)/(-8)?
5
Let i = -4 + 23. Suppose -37 = 3*h - 718. Suppose h = 3*u + 2*a, -u + 57 + 16 = -2*a. Calculate the remainder when u is divided by i.
18
Suppose 2*k + 81 = k. Let t = k + 131. Let n(q) = -q**3 - 10*q**2 - 10*q + 4. Calculate the remainder when t is divided by n(-9).
11
Calculate the remainder when 6/(9*(-6)/(-1494)) is divided by 58.
50
Let u = 1079 + -1045. What is the remainder when 135 is divided by u?
33
Suppose -7*t = a - 3*t - 300, -5*a = -4*t - 1404. Calculate the remainder when a is divided by 154.
130
Suppose 342 = 6*u - 4*u. Let n = -100 + u. Calculate the remainder when n is divided by 18.
17
Suppose -3*l = -11 - 22. Let f(y) = -3*y - 16. Let w(o) = 2*o + 8. Let v(d) = -3*f(d) - 5*w(d). What is the remainder when v(-12) is divided by l?
9
Suppose 8*o = 2*o + 12. Suppose 103 - 23 = 4*x. What is the remainder when o + (0 + -5)*-11 is divided by x?
17
Let o = 1 + 11. Suppose -o = -j + 18. What is the remainder when j is divided by 285/18 - (-1)/6?
14
Let a be (-14)/(-18) + (-40)/(-180). Calculate the remainder when 57 is divided by a/1 + (20 - 1).
17
Let u = -13395 - -13462. Let p = -49 + 84. What is the remainder when u is divided by p?
32
Suppose -5*j - 3*g + 46 = 0, 19 = 5*j + g - 33. Suppose -j*r - 276 = -15*r. Calculate the remainder when r is divided by 36.
33
Let o be (-2)/12*4 - (-1816)/(-12). Let p(y) = 8*y**2 + 2*y + 3. What is the remainder when p(-3) is divided by o/(-11) + 8/44?
13
Suppose -5*s = -2*i - 17, 2 - 8 = -3*s - 3*i. What is the remainder when 10 is divided by ((-9)/(-12))/1 + s/12?
0
Suppose 5*o - 30 = -h, -3*o - 2*h = 2*o - 35. Suppose -2*m + o*m - 15 = 0. Calculate the remainder when 9 is divided by m.
4
Let u(b) = 5*b**2 - b. What is the remainder when u(3) is divided by (-25)/10*(-92)/10?
19
Suppose -550 - 368 = -6*y. What is the remainder when y is divided by 82?
71
Suppose 3*z - 5*f = 15 + 9, 3*f = 3*z - 18. Let d(y) = 0 - 5 + 9*y + 2. What is the remainder when 47 is divided by d(z)?
23
Suppose -261*y + 276*y - 300 = 0. Suppose z = 4*o - 235, 0 = -5*o + 2*z + 75 + 218. Calculate the remainder when o is divided by y.
19
Let x be (1 - -3)*2/4. Suppose 0 = x*m + m - 9. Suppose -5*t - 34 = -m*h + 15, -2*h + t = -35. What is the remainder when 35 is divided by h?
17
Suppose -140 = -7*n - 3*n. Calculate the remainder when 27 is divided by n.
13
What is the remainder when ((-8)/6)/(44/(-3168)) is divided by 33?
30
Suppose 0 = -j + c - 1, 4*j - 3 = 7*j + 5*c. Let v(r) = -26*r - 6. Calculate the remainder when 33 is divided by v(j).
13
Let k(y) = y + 26. Suppose 2*q - 28 = 2*c, 2*q - 3*q - 4 = c. Suppose -i + 67 = -4*w + 6, 0 = -i - 3*w + 40. Calculate the remainder when i is divided by k(c).
15
Let c(w) = 2*w - 5. Let v be c(0). What is the remainder when 83 is divided by 14/4*-5*12/v?
41
Suppose 8*j + 3*c - 63 = 4*j, -3*j - 2*c + 47 = 0. What is the remainder when j is divided by 3?
0
Let s be -1*8/12*-3. Calculate the remainder when 12 is divided by s/9 + (-725)/(-261).
0
Suppose 4*u = 6*u - 90. Let n = -37 + u. Suppose -z - 2 = -33. Calculate the remainder when z is divided by n.
7
Let i(s) = 2*s + 16. Let g be i(-5). Calculate the remainder when 21 is divided by (-435)/(-35) + g/(-14).
9
Let j = -6 + 10. Let a be 15/25 + 81/15. What is the remainder when (55/(-10))/(-2 - a/(-4)) is divided by j?
3
Let c(g) = -g**3 + 18*g**2 - 23*g + 21. What is the remainder when c(16) is divided by 17?
12
Let x = 264 - 229. What is the remainder when 54 is divided by x?
19
Let l(w) = w**3 + 3*w**2 - 23*w - 69. Calculate the remainder when 22 is divided by l(-4).
1
Let p(s) = s**2 + 3*s - 1. Let k be p(-3). Suppose 0 = -2*c - 9 + 13. Calculate the remainder when 17 is divided by (-4)/c - 7/k.
2
Let s(c) = -6*c - 70. What is the remainder when 295 is divided by s(-25)?
55
Suppose 0*n + 1155 = 7*n. What is the remainder when n is divided by 56?
53
Suppose -10*f + 158 = -182. What is the remainder when 108 is divided by f?
6
Let h(w) = -12*w + 9. Let m be h(7). Suppose -8*i + 4*i = 132. Let t = i - m. What is the remainder when t is divided by 22?
20
Suppose 92*b + 105 = 97*b. Suppose -2*k + b = k. Calculate the remainder when k is divided by 1.
0
Let b be (-2 - -27)/(-2 + 3). Suppose 0 = -5*c + b, 3*x - 2*c - 7 = 2*c. What is the remainder when 70 is divided by x?
7
Let v(c) = 3*c**2 + 2*c + 2. Let l(s) = -s**2 - 5*s - 3. Let r be l(-3). Let x be v(r). Let o = x + -12. Calculate the remainder when o is divided by 8.
7
Suppose -w + 4*h = -242, -245 = -0*w - w + h. Calculate the remainder when w is divided by 63.
57
Suppose 3*w = b - 25, 2*b - 12 = -4*w - 62. Let n = -13 - w. What is the remainder when 20 is divided by n*(-2)/12*22?
9
What is the remainder when 112 is divided by 36 + -24 + 0 + 7?
17
Calculate the remainder when (3 - 0)*(139 - -12) is divided by 51.
45
Let w(o) = -o**3 + 9*o**2 - 5*o - 6. Suppose 58 = 5*d - 52. What is the remainder when w(7) is divided by d?
13
Let v = 214 - 108. Let r = v - 97. Calculate the remainder when 31 is divided by r.
4
Let b = -660 - -818. Calculate the remainder when b is divided by 23.
20
Let h(g) = -g**2 - 17*g + 20. Let q be h(-18). Suppose -180 = -2*a - 0*d - q*d, d = 2*a - 177. Calculate the remainder when a is divided by 18.
17
Suppose 24*w - 18*w - 168 = 0. Let z(b) = -2*b**3 + 6*b + 6. Calculate the remainder when z(-4) is divided by w.
26
Let v(h) = h**3 + 9*h**2 + 6*h - 4. Let w be (-4)/(-10) + (-432)/5. Let n = w + 131. Calculate the remainder when n is divided by v(-8).
9
Let k = -6138 - -6159. Let p = -70 - -132. What is the remainder when p is divided by k?
20
Let y = 1202 + -804. Calculate the remainder when y is divided by 130.
8
Let r(q) = 5*q**2 + 36*q + 35. Calculate the remainder when r(4) is divided by 53.
47
Suppose -p + 12 = 5*s - 2*s, 2*p = s - 4. Suppose -s*h = h - 285. What is the remainder when h is divided by 10?
7
Let b(w) = 4*w - 20. Let n be b(6). Suppose 0 = -9*d + n*d. Suppose 2*c - 12 - 4 = d. What is the remainder when 45 is divided by c?
5
Suppose 5*q = 3*c - 87, 23*c = 21*c + 5*q + 63. Suppose 2 - 6 = 2*z. Let h(w) = -46*w + 2. What is the remainder when h(z) is divided by c?
22
Let b = -64 + 62. Calculate the remainder when 137 is divided by (1/(2/b))/(10/(-230)).
22
Let v be 11*2/2*2. Suppose -v = -2*a + y - 7, 21 = 3*a - 2*y. What is the remainder when 33 is divided by a?
6
Let g = -184 + 207. What is the remainder when g is divided by 6?
5
Suppose -35*d + 354 = -31. Calculate the remainder when 175 is divided by d.
10
Suppose -4*q = q. Suppose 4*x - 25 = -3*m - 7, -x = 0. Suppose -2*s + m*s - 44 = q. What is the remainder when s is divided by 7?
4
Suppose -3*a + 8 = -16. Suppose 2*c + 2*f = c + 20, 2*c = 4*f + a. Calculate the remainder when 16 is divided by c.
4
Let j(h) = 9*h - 27. Calculate the remainder when j(15) is divided by 34.
6
Suppose -490 = -13*k + 251. What is the remainder when k is divided by (1/(-2))/(3/(-90))?
12
Let s = -1084 - -1930. Calculate the remainder when s is divided by 34.